*s**2 + 2*s - 3. Let t be n(-4). Let v(a) = 2*a**2 - 7*a - 2. Calculate v(t).
13
Let d(f) = -2*f - 4 - 1 - 1. Let x(q) = q**2 + 5*q - 1. Let k be x(-4). Calculate d(k).
4
Let g(r) = r + 9. Let d = 17 - 13. Suppose d*s + 21 = 2*p + 3, -1 = -p. Give g(s).
5
Let r(j) = j**3 - 7*j**2 + 5*j + 13. Let m be r(6). Suppose i = 6*i - 15. Suppose -m - i = 5*x. Let a(k) = -3*k**2 - 4*k - 3. Give a(x).
-7
Suppose -y + 2*l - 12 = -0*y, 3*l - 17 = y. Let x(o) = -o + 10 - 8 - o**2 + 0. What is x(y)?
0
Suppose 4*i + 7 = 11*i. Let p(b) be the first derivative of b**4/2 + b**3/3 - b - 1. Calculate p(i).
2
Let g(o) = -5*o - o**2 - 3 + 0 - 1. Give g(-3).
2
Suppose 5*r - u = 26, 0 = 2*r - r - 4*u - 9. Let d(i) = 2*i - 4. What is d(r)?
6
Let c be -5 + 0 - (-1 - 2). Let k(p) = -6*p. Determine k(c).
12
Let s be 14/7 - 4/(-2). Let b(g) = g**3 - 2*g**2 - 7*g + 6. Determine b(s).
10
Let x(a) = a**3 + 5*a**2 + 4*a + 1. Let t be x(-4). Let m(s) be the second derivative of -s**3/3 - s**2/2 - 23*s. Determine m(t).
-3
Let u(n) be the first derivative of -n**5/4 + n**4/12 + n**3/3 + n**2/2 + 3*n - 3. Let y(v) be the first derivative of u(v). Determine y(-1).
5
Let l(b) = 15*b**3 + 5*b**2 + 3*b - 9. Let w(o) = 9*o**3 - 3 - 2*o**3 + 2*o**2 - 1 + o. Let k(g) = 6*l(g) - 13*w(g). Let v be ((-10)/4*2)/(-1). Give k(v).
-2
Let v be 4 + -1 + 2 + -2. Let z(p) be the third derivative of 0 - 1/15*p**5 + 1/2*p**3 + 1/120*p**6 + 0*p - p**2 + 1/24*p**4. Give z(v).
-3
Let l = 81 + -72. Let h(w) = -w + 7. What is h(l)?
-2
Let g(s) = -s**2 + s + 2. Let r be g(0). Let z be (-4)/r + (-4 - -9). Let c(i) = -i**2 + 4*i - 2. Determine c(z).
1
Let i(c) = 3*c - 3. Let v be i(2). Suppose 0 + 6 = 2*t + a, -t - 5*a = -12. Let w(f) = -2*f + 4*f - f**2 - f**2 + f**t + 3. What is w(v)?
0
Let l(f) = -6*f - 10. Let d be l(-3). Let c(x) = x**3 - 7*x**2 - 7*x + 12. What is c(d)?
20
Suppose 2*w - 1 - 1 = -2*c, 2*c + 33 = 5*w. Let t(b) be the first derivative of 1 + 1 - 2*b**2 - b + b**2. Give t(c).
7
Let p(k) = -k + 7. Let g be p(0). Let d(c) = -c**3 + c**2. Let i(r) = 6*r**3 - 12*r**2 + r. Let b(q) = 5*d(q) + i(q). What is b(g)?
7
Suppose -30 = -5*w - 0. Let x(q) = -5*q - q**3 - w*q**2 - 3 - 5*q + 4*q. Calculate x(-5).
2
Let r(b) be the first derivative of -b**3/3 + 9*b**2/2 - 12*b - 6. Determine r(8).
-4
Suppose 0 = 2*z + z - 6. Let y(o) = 0*o - 3 + z + o + 3. Calculate y(-6).
-4
Let n(k) = k**2 + 7*k + 5. Let j be (-4 - 1) + -1 + 1. What is n(j)?
-5
Let f be ((-8)/(-6))/(4/(-12)). Let o(h) = 9*h**2 + 15*h - 1. Let w(v) = 5*v**2 + 8*v. Let z(a) = -4*o(a) + 7*w(a). What is z(f)?
4
Let g(y) = 4*y + 7. Let p(u) = -4*u - 8. Let f(q) = 6*g(q) + 5*p(q). Let l be f(1). Let s(o) = o - 11. What is s(l)?
-5
Suppose -2*g + 6 + 0 = 0. Suppose 5*v = -5, -37 = -3*n + v + g*v. Let a(z) = -7*z**2 + n*z - 11*z + 1. Calculate a(1).
-6
Let w(p) = -p**2 + 2. Let m be w(0). Suppose 3*k + 5*x = 2*k + 3, m*x + 6 = -4*k. Let h(i) = -3*i**2 - i + 2. What is h(k)?
-8
Suppose 0 = -4*g + 2*c + 2, 0 = -g - 0*g - c + 5. Suppose 2 = -g*b + 8. Let z(j) = 1 + 3*j + 2*j - b - 6*j. Determine z(-4).
2
Let o(d) be the second derivative of 0 + 0*d**2 - 2*d - 1/12*d**4 - 1/6*d**3. What is o(0)?
0
Let l(c) = -2*c + 1. Let s(n) = -n + 3. Let t(w) = l(w) - s(w). Calculate t(0).
-2
Let g(k) = 7*k**2 + k + 1. Let w = -1 - -1. Suppose -5*p - 5 = -w*p. What is g(p)?
7
Suppose -m = -4*j + 11 + 5, -3*m - 12 = 0. Let i(h) = 2*h - 3. What is i(j)?
3
Let j(q) = q**3 - 6*q**2 - 4*q - 5. Suppose -14 = -4*c - k + 9, 3*k + 22 = c. Give j(c).
16
Suppose 5*f = -4 - 6. Let c = f - -6. Let z(b) = -b**2 - b**3 + 6 + 5*b**2 - 6*b + c*b. What is z(4)?
-2
Suppose -6 + 0 = -3*b + 3*w, -b - 4*w = -12. Suppose 4*z = -0*z - 4*d + b, 2*d = -6. Let x(n) = n + 2. What is x(z)?
6
Let p(n) be the second derivative of n**5/20 + n**4/12 + n**3/6 - 9*n**2/2 + 25*n + 1. Determine p(0).
-9
Let y(c) = -c**3. Let g(l) = -l**3 - 8*l**2 + 6*l - 5. Let v(s) = -g(s) + 2*y(s). Give v(7).
12
Let u(r) = -7*r**3 + 2*r**2 - 2*r + 1. Let i be u(1). Let a(p) = 4*p + 11. Let z(f) = -6*f - 16. Let b(l) = -8*a(l) - 5*z(l). What is b(i)?
4
Let c(p) be the first derivative of p**4/4 - 3*p**2/2 - p - 3. Let z(a) = -a**2 - 3*a - 2. Let n be z(-3). What is c(n)?
-3
Let j = 22 - 15. Let z(c) = -c**2 + 7*c + 6. Let y(i) = -2*i**2 + 13*i + 12. Let l(r) = j*z(r) - 4*y(r). Let q(g) = -g - 2. Let s be q(-7). Give l(s).
4
Let k(f) = 9*f - 1. Let r(l) = 3*l. Let b(j) = 2*k(j) - 7*r(j). Give b(-2).
4
Let s(l) be the third derivative of l**5/60 - l**4/24 - 7*l**3/6 + 14*l**2. What is s(6)?
23
Let g(y) = -y + 9. Let q = -9 + 13. Calculate g(q).
5
Let n(a) = -7*a**3 + 3*a**2 - a + 13. Let l(i) = 4*i**3 - i**2 - 7. Let z(u) = -5*l(u) - 3*n(u). Calculate z(3).
-4
Let a(k) = 4*k - 2. Let y(p) = p. Let r(t) = -2*a(t) + 10*y(t). Determine r(5).
14
Let o(c) = -c + 3. Let l be o(5). Let v(y) = y**3 + 3 + 3*y**2 - 5 - y + y**3. What is v(l)?
-4
Let n(b) be the second derivative of -b**3/3 - 2*b**2 + 6*b. Suppose 4*z = -0*z - 16. Give n(z).
4
Let h(l) = 2*l - 33. Let b be h(14). Let d(v) = -v**2 - 4*v + 1. What is d(b)?
-4
Let o = -2 - -5. Suppose 8 = 2*s + 2*s. Let p(z) = z**s - 2 + 0*z**2 - o. What is p(0)?
-5
Let c = 0 - -5. Let l(a) = -a**3 + a. Let i(x) = 3*x**3 - 5*x**2 - 2*x + 4. Let q(g) = -i(g) - 2*l(g). Let o be q(c). Let u(t) = -t**2 - 4*t - 2. What is u(o)?
-2
Let d be (-14 + 6)/(2 - 0). Let z(r) = -r**2 - 3*r + 1. Calculate z(d).
-3
Let j be (-3)/(-9)*(0 - -9). Let g(i) = -1 + 2*i**3 + 14*i + i**j - 16*i. Suppose -4*y = -5*n - 1, 5*y + 4 = -0*n + n. Determine g(n).
-2
Suppose 3*g = -14 + 53. Let f be 3/(-9) + g/3. Let a(s) = s + 4*s - 3*s - f. Give a(3).
2
Let r(c) = 3*c + 5. Let k(n) = n - 9. Let x be k(7). Let z be r(x). Let t(l) = 2*l + 1. Give t(z).
-1
Let o = -14 + 20. Let c(x) = 60 + x**2 + o*x - 60. Calculate c(-7).
7
Let j = 56 - 61. Let i(x) = 3*x - 4. Determine i(j).
-19
Let i(t) = 16*t - 9*t + 7 + 3*t**2 - 6*t - 2*t**2. Let w = 1 + -1. Calculate i(w).
7
Suppose -4*w - 23 - 1 = 0. Let j = w - -4. Let h(p) = p - 2. What is h(j)?
-4
Let s = 5 - 3. Let x(k) = 5*k + 7*k**2 + k**3 + 1 - 4*k**s - 3*k. Suppose 0 = -0*n - n - 2. Determine x(n).
1
Let g(h) = -5*h - h - 1 - 5*h. Calculate g(1).
-12
Let v(w) be the second derivative of w**2 - 4*w - 1/2*w**3 - 1/6*w**4 + 0 - 1/15*w**5. Let r(x) be the first derivative of v(x). Give r(-2).
-11
Let v(p) = -7*p**2 - 6*p - 4*p - 3 + 2*p + 0*p**2 + p**3. Calculate v(8).
-3
Let m(k) = 6*k - 28. Let h be m(5). Let c(q) = 3*q**3 - q**2 + 2. Calculate c(h).
22
Suppose 0 = -3*s - 5*z + 21, -s + z = 1. Let l(d) be the second derivative of 1/2*d**s + 1/12*d**4 - d + 0 + 3/20*d**5 + 1/6*d**3. Give l(-1).
-2
Suppose 114 = 3*n + 4*i, n - 3*n + 71 = i. Let h(d) = 2*d - 1. Let c(t) = -11*t + 7. Let z(r) = n*h(r) + 6*c(r). Let l be (-2)/3 + 160/(-30). Calculate z(l).
-4
Let h be (-3)/(-2) + 28/(-8) + -3. Let u be 1/1 - (-1 - -2). Let z(g) = 0 + u - g + 1. Give z(h).
6
Let i(u) = u**2 - 6*u + 1. Let p be -12*(-1 + 4/6). Give i(p).
-7
Let t(l) = 0*l + 139 - 139 - 2*l. Let v be (-4)/(-18) + 11/(-9). Give t(v).
2
Let t(a) be the third derivative of a**5/60 - 7*a**4/24 + 3*a**2. Calculate t(7).
0
Let p be (7/(-35))/(2/10). Let y(n) = 10*n**2 - 2*n - 1. Give y(p).
11
Let a(v) = -7*v**3 + 7*v - 4. Let j(x) = -3*x**3 - 11 + 2 - 12*x**3 + 13*x + 2*x. Let l(y) = 13*a(y) - 6*j(y). What is l(-2)?
8
Let b(n) = n - 3. Let a be b(6). Let h(j) = a*j - 18*j**2 + j**3 - 5*j + 4 + 21*j**2. Give h(-4).
-4
Let j(a) = -2*a + a + 2 + 2*a - 3. Let i = 26 - 12. Suppose 3*m = -5*p + m + i, 3*m = 3*p. Calculate j(p).
1
Let v(p) = p**2 + 8*p + 7. Let m be 2570/40 - (-2)/(-8). Let s be 30/4*m/(-80). Calculate v(s).
-5
Let r(o) = -5*o**2 + 4*o - 12. Suppose -7*d = -3*d - 16. Let p(t) = t**2 + t + 1. Let n(a) = d*p(a) + r(a). Give n(6).
4
Let n(c) = c**2 - 6*c - 2. Let w be n(7). Suppose -15 = -0*u - w*u. Let t(a) = -2*a + u*a + 1 - 2*a - a. What is t(1)?
-1
Let m = -3 + 5. Let w(y) = -6 - 4*y + y**m + 4*y - 5*y. Let o(c) = -c**2 + 8*c + 5. Let z be o(8). What is w(z)?
-6
Let k(o) = -1440 + 5*o - o**2 + 1438 + 2*o**2. Give k(-4).
-6
Let k = 13 + -17. Let i(y) = -y**2 - 3*y - 3. Determine i(k).
-7
Let t be 2/(-10) - (-2)/10. Let n(d) = 7*d + t - 2*d**2 + 3*d**2 - 1. Let u be n(-7). Let x(w) = -w**3 + 1. Give x(